when 3294 is divided by 103.
101
What is the remainder when 2692 is divided by 7?
4
Calculate the remainder when 168 is divided by 60.
48
What is the remainder when 128 is divided by 69?
59
What is the remainder when 869 is divided by 30?
29
What is the remainder when 525 is divided by 68?
49
What is the remainder when 651 is divided by 164?
159
Calculate the remainder when 24311 is divided by 41.
39
Calculate the remainder when 1922 is divided by 385.
382
What is the remainder when 2354 is divided by 32?
18
Calculate the remainder when 375 is divided by 107.
54
What is the remainder when 730 is divided by 152?
122
Calculate the remainder when 309 is divided by 76.
5
What is the remainder when 1391 is divided by 82?
79
Calculate the remainder when 371 is divided by 131.
109
Calculate the remainder when 791 is divided by 25.
16
What is the remainder when 681 is divided by 9?
6
What is the remainder when 801 is divided by 11?
9
What is the remainder when 179 is divided by 4?
3
What is the remainder when 73 is divided by 15?
13
Calculate the remainder when 253 is divided by 31.
5
Calculate the remainder when 5289 is divided by 27.
24
Calculate the remainder when 656 is divided by 37.
27
What is the remainder when 1784 is divided by 35?
34
What is the remainder when 146 is divided by 37?
35
What is the remainder when 2130 is divided by 1059?
12
What is the remainder when 89 is divided by 30?
29
Calculate the remainder when 135 is divided by 40.
15
Calculate the remainder when 558 is divided by 47.
41
What is the remainder when 1302 is divided by 61?
21
Calculate the remainder when 8033 is divided by 28.
25
Calculate the remainder when 1323 is divided by 37.
28
Calculate the remainder when 606 is divided by 68.
62
What is the remainder when 32 is divided by 30?
2
Calculate the remainder when 285 is divided by 26.
25
What is the remainder when 825 is divided by 83?
78
Calculate the remainder when 11564 is divided by 15.
14
What is the remainder when 265 is divided by 16?
9
What is the remainder when 225 is divided by 23?
18
What is the remainder when 117 is divided by 40?
37
What is the remainder when 490 is divided by 17?
14
What is the remainder when 1449 is divided by 44?
41
What is the remainder when 266 is divided by 77?
35
What is the remainder when 264 is divided by 63?
12
Calculate the remainder when 170 is divided by 36.
26
What is the remainder when 1272 is divided by 45?
12
Calculate the remainder when 41 is divided by 9.
5
Calculate the remainder when 395 is divided by 34.
21
Calculate the remainder when 595 is divided by 6.
1
Calculate the remainder when 1425 is divided by 286.
281
What is the remainder when 91 is divided by 25?
16
What is the remainder when 140 is divided by 74?
66
What is the remainder when 1162 is divided by 73?
67
What is the remainder when 15256 is divided by 5084?
4
Calculate the remainder when 294 is divided by 37.
35
Calculate the remainder when 3130 is divided by 4.
2
What is the remainder when 862 is divided by 256?
94
Calculate the remainder when 16 is divided by 7.
2
What is the remainder when 6380 is divided by 133?
129
Calculate the remainder when 104 is divided by 15.
14
What is the remainder when 958 is divided by 10?
8
What is the remainder when 357 is divided by 22?
5
What is the remainder when 285 is divided by 43?
27
Calculate the remainder when 137 is divided by 28.
25
Calculate the remainder when 251 is divided by 46.
21
What is the remainder when 573 is divided by 115?
113
What is the remainder when 16902 is divided by 53?
48
Calculate the remainder when 602 is divided by 285.
32
Calculate the remainder when 914 is divided by 34.
30
What is the remainder when 17137 is divided by 41?
40
What is the remainder when 72 is divided by 27?
18
Calculate the remainder when 796 is divided by 258.
22
Calculate the remainder when 4128 is divided by 35.
33
Calculate the remainder when 2478 is divided by 51.
30
What is the remainder when 37151 is divided by 8?
7
Calculate the remainder when 698 is divided by 16.
10
Calculate the remainder when 242 is divided by 49.
46
Calculate the remainder when 277 is divided by 81.
34
Calculate the remainder when 252 is divided by 85.
82
What is the remainder when 228 is divided by 139?
89
Calculate the remainder when 709 is divided by 119.
114
Calculate the remainder when 693 is divided by 179.
156
Calculate the remainder when 1298 is divided by 148.
114
Calculate the remainder when 156 is divided by 2.
0
What is the remainder when 110495 is divided by 96?
95
Calculate the remainder when 233 is divided by 48.
41
Calculate the remainder when 3244 is divided by 55.
54
What is the remainder when 362 is divided by 116?
14
What is the remainder when 815 is divided by 19?
17
What is the remainder when 98 is divided by 5?
3
Calculate the remainder when 216 is divided by 111.
105
Calculate the remainder when 510 is divided by 109.
74
What is the remainder when 736 is divided by 18?
16
What is the remainder when 1203 is divided by 19?
6
Calculate the remainder when 8259 is divided by 17.
14
What is the remainder when 97 is divided by 35?
27
Calculate the remainder when 1230 is divided by 406.
12
Calculate the remainder when 222 is divided by 76.
70
Calculate the remainder when 582 is divided by 229.
124
Calculate the remainder when 600 is divided by 80.
40
Calculate the remainder when 107 is divided by 28.
23
Calculate the remainder when 561 is divided by 159.
84
Calculate the remainder when 63 is divided by 54.
9
Calculate the remainder when 179 is divided by 4.
3
What is the remainder when 1762 is divided by 12?
10
What is the remainder when 850 is divided by 214?
208
What is the remainder when 582 is divided by 580?
2
Calculate the remainder when 234 is divided by 17.
13
Calculate the remainder when 2240 is divided by 106.
14
Calculate the remainder when 1135 is divided by 16.
15
Calculate the remainder when 661 is divided by 39.
37
What is the remainder when 756 is divided by 371?
14
Calculate the remainder when 100 is divided by 28.
16
What is the remainder when 74 is divided by 28?
18
What is the remainder when 3145 is divided by 47?
43
What is the remainder when 508 is divided by 85?
83
What is the remainder when 92 is divided by 74?
18
Calculate the remainder when 600 is divided by 213.
174
Calculate the remainder when 116 is divided by 39.
38
Calculate the remainder when 3778 is divided by 189.
187
Calculate the remainder when 416 is divided by 107.
95
Calculate the remainder when 223 is divided by 8.
7
What is the remainder when 615 is divided by 118?
25
What is the remainder when 68 is divided by 19?
11
Calculate the remainder when 746 is divided by 131.
91
Calculate the remainder when 239 is divided by 61.
56
What is the remainder when 422 is divided by 85?
82
What is the remainder when 333 is divided by 25?
8
What is the remainder when 136 is divided by 20?
16
What is the remainder when 259 is divided by 83?
10
Calculate the remainder when 9876 is divided by 18.
12
Calculate the remainder when 136 is divided by 77.
59
Calculate the remainder when 169 is divided by 150.
19
What is the remainder when 835 is divided by 76?
75
Calculate the remainder when 3455 is divided by 4.
3
What is the remainder when 607 is divided by 19?
18
Calculate the remainder when 1459 is divided by 246.
229
Calculate the remainder when 96 is divided by 13.
5
What is the remainder when 3887 is divided by 81?
80
Calculate the remainder when 1311 is divided by 6.
3
Calculate the remainder when 1969 is divided by 52.
45
Calculate the remainder when 22620 is divided by 18.
12
What is the remainder when 44 is divided by 29?
15
What is the remainder when 4558 is divided by 8?
6
Calculate the remainder when 273 is divided by 31.
25
Calculate the remainder when 379 is divided by 68.
39
What is the remainder when 2141 is divided by 102?
101
Calculate the remainder when 555 is divided by 155.
90
Calculate the remainder when 483 is divided by 57.
27
Calculate the remainder when 1581 is divided by 264.
261
Calculate the remainder when 3693 is divided by 410.
3
What is the remainder when 529 is divided by 76?
73
Calculate the remainder when 7196 is divided by 24.
20
Calculate the remainder when 230 is di